ist the prime factors of h.
2, 3
Let t = -1 + 6. List the prime factors of (-21)/35 - (-118)/t.
23
Suppose 0*u = -2*u + 36. List the prime factors of u.
2, 3
Let x(q) = 7*q**2 - 9*q - 1. What are the prime factors of x(5)?
3, 43
Let c = 3 - -2. Let p(v) = -v**3 + 5*v**2 + 6*v + 2. Let h be p(6). Suppose h*r = 2*u + 6, -u - 8 = c*r - 29. List the prime factors of r.
2
Let k be (2/(-2))/(5/(-20)). Suppose j - 2 = -k. Let x = j - -8. List the prime factors of x.
2, 3
Suppose -140 = -6*u + u. Let v be u/6 - 5/(-15). Suppose -4*k + 15 = -k + 3*l, 3*l - 29 = -v*k. List the prime factors of k.
7
Let x = 6 + 4. Let w = 22 - x. What are the prime factors of w?
2, 3
Let h(y) = 2*y - y - 4*y - 3. Let p be h(-4). What are the prime factors of (-6)/p*30/(-4)?
5
Let j(l) = -4*l**2 + 9*l + 15. Let d(c) = -5*c**2 + 10*c + 16. Let z(o) = -5*d(o) + 6*j(o). What are the prime factors of z(-4)?
2, 5
Let g = 8 + -35. Suppose r = 2*s + 29 - 97, 4*r - 68 = -2*s. What are the prime factors of (-6)/g - s/(-9)?
2
What are the prime factors of ((-126)/4)/(1*3/(-6))?
3, 7
Let t(h) = -12*h + 3. List the prime factors of t(-11).
3, 5
Suppose r + 5*g = 12, 71 - 16 = 3*r - 4*g. List the prime factors of r/5 + (-6)/(-10).
2
Let v(c) = 2*c**2 - 3*c - 12. List the prime factors of v(4).
2
Let t(f) = -2*f - 5. Let o be t(-4). Suppose 0 = -3*s - o + 39. What are the prime factors of s?
2, 3
Suppose 0 = j - 4*k + 19, k - 7 = 5*j + 3*k. Let c be (3/j - -2)*-4. List the prime factors of ((-6)/4)/(2/c).
3
Let s = -6 + 360. List the prime factors of s.
2, 3, 59
List the prime factors of (-114)/(-4)*4/3.
2, 19
Suppose 0 = 5*a + 4*k - 180, -30 = -a - 4*k + 2*k. Suppose -15*q = -10*q - a. List the prime factors of q.
2
Let x = 65 + 119. What are the prime factors of x?
2, 23
Let q(b) be the first derivative of -7*b**2/2 + 5*b + 1. List the prime factors of q(-4).
3, 11
Let c(j) = 46*j**3 + j**2 - j - 1. Let d be c(-1). Let t = 82 + d. What are the prime factors of t?
37
Suppose 4*u = -50 - 34. Let f = -1 - u. What are the prime factors of f?
2, 5
Let t be 0/((-2)/2) + -7. Let f(a) be the second derivative of a**4/12 + 4*a**3/3 + 5*a**2 - 2*a. List the prime factors of f(t).
3
Let y(c) = 2*c**2 - 7*c + 5. Let m(p) = 3*p**2 - 7*p + 6. Let d(i) = 3*m(i) - 4*y(i). Let n be d(6). Suppose -3*u = u - n. What are the prime factors of u?
19
Suppose 0 = -a + 4*y + 250, 5*a = 2*y + 1473 - 241. What are the prime factors of a?
2, 3, 41
Let r(i) = -14*i. Let k be r(-1). Let s = k + -9. List the prime factors of s.
5
Let r = -4 + 12. List the prime factors of r.
2
Let i = 6 + -3. Suppose -i*z = -27 - 60. Suppose 2*t - z = -5. What are the prime factors of t?
2, 3
Let k = -9 + 15. Let w(q) = -2 + q**2 - 7*q + 2*q + 5. What are the prime factors of w(k)?
3
Let l = 5 - 5. Suppose -5*j + b + 40 = 0, 3*j + 0*b + 3*b - 24 = l. List the prime factors of j.
2
Let l = -24 - 46. Let w = l - -102. List the prime factors of w.
2
Let v be 12 + 6/3 + -6. Suppose h = 17 - v. What are the prime factors of h?
3
Let j(b) = -b**2 - 3*b + 4. Let z be j(-4). Suppose 0 = 3*r - p + 3*p - 56, -4*p = -3*r + 68. Suppose -2*x + z*x + r = 0. What are the prime factors of x?
2, 5
Let n(u) = 7*u**2 + u + 7. What are the prime factors of n(-6)?
11, 23
Suppose -2 = 2*t + 10. Let c be (-2 - -6)*t/(-4). List the prime factors of 7 - c/(3/1).
5
Suppose -6*b + 5*i - 35 = -b, 2*b - 4*i = -16. List the prime factors of (-1 - b)/(7/21).
3, 5
Suppose a = -3*a + 16. Suppose -t = 3*i - 31, 3*i = -i + a*t + 20. List the prime factors of i.
3
Suppose 4*p - 2*p + 5*v = 1, -5*p + 80 = -3*v. Let f = -8 + 15. Let s = p - f. List the prime factors of s.
2, 3
Let p(q) = q**2 + 7*q + 10. Let c be (-66)/8 + 1/4. List the prime factors of p(c).
2, 3
Suppose -3*f + 15 = -18. Suppose -71 = -2*l - f. What are the prime factors of ((-4)/(-10))/(3/l)?
2
Suppose -3*j - 23 = -u, 0*j - 2*j + 2*u = 22. What are the prime factors of (-2)/j + 35/3?
2, 3
Let y = -8 + 11. Suppose -11 = -2*v + y. Let h(t) = t**2 - 5*t - 7. What are the prime factors of h(v)?
7
Suppose 5*p = 4*p + 40. What are the prime factors of p?
2, 5
Let w(t) = t**3 - 5*t**2 + t - 3. Let o be w(5). Suppose 3*c - 4*i = -c + 32, -2*c - 4*i = -4. Suppose c = 4*q - o*q. What are the prime factors of q?
3
What are the prime factors of (5 - 8) + 64/1?
61
Let k be -2 - (-1 + 1) - 0. Let o be ((-4)/k + -3)*12. What are the prime factors of (-92)/o + (-4)/6?
7
Let m be 12 + (-1)/(2 - 3). Suppose -3*t = 4*v - m, -4*t = v - 30 - 9. List the prime factors of t.
11
Suppose -20 = b - 5*b + 2*l, -5 = -b + 5*l. Let y = 20 - b. What are the prime factors of y?
3, 5
Suppose m - 3*r = 29, 5*r = -m + 4*m - 67. Let c = m - -3. What are the prime factors of c?
17
Suppose 21*z + 567 = 24*z. List the prime factors of z.
3, 7
Suppose 6 = t + t. Let z = 2 - t. Let l = 11 - z. List the prime factors of l.
2, 3
Let i = -7 - -10. Suppose -i*o + 3*n - 14 = -2, 3*o + 16 = 5*n. What are the prime factors of 26/(o/(-1)*1)?
13
Let o(l) = l**2 + 5*l - 2. Suppose 3*v + 5*h + 26 = 2, 0 = 4*v - h + 32. What are the prime factors of o(v)?
2, 11
Let f be 84/(-9)*165/(-20). Let u = -36 + f. List the prime factors of u.
41
Let w(k) = -k**3 - 5*k**2 - 5*k - 5. Let n be w(-4). Let j be n/((-2)/(-4)*-1). What are the prime factors of ((-6)/(-9))/(j/6)?
2
Suppose 4*z + 1 = 21. Suppose 0 = -5*d - z*k + 95, 9 = 2*d - 5*k - 8. What are the prime factors of d?
2
What are the prime factors of 1/(-4) - (-4437)/36?
3, 41
Let t = -1 - -3. Let x be 6 + (t - (3 - 1)). List the prime factors of (x/(-3))/2 - -5.
2
Let c = 315 - 223. List the prime factors of c.
2, 23
Let g = -267 + 426. What are the prime factors of g?
3, 53
Suppose 0*l + 188 = 2*l. What are the prime factors of l?
2, 47
Suppose -5*z + 26 = -24. Let l(n) be the first derivative of n**3/3 - 9*n**2/2 - n - 1. List the prime factors of l(z).
3
Suppose 0 = -5*w + 4*w. Suppose -2*p + 3*p + 3 = w. Let g = 16 + p. List the prime factors of g.
13
Let b(c) = c**3 + 11*c**2 + 2*c + 6. What are the prime factors of b(-5)?
2, 73
Let f be (-15)/(-6) - (-2)/(-4). Suppose z = 5*u + 27, -f*z + 0*u + 4*u + 54 = 0. List the prime factors of z.
3
Let d be (-9)/((-54)/20)*6. Let i = d - -34. List the prime factors of i.
2, 3
Let g(j) = 9*j - 23. Let r(b) = 5*b - 12. Let a(n) = 4*g(n) - 7*r(n). Let x be a(7). List the prime factors of (2/2)/(x/(-13)).
13
Let d(z) = -z - 12. Let y be d(-5). Let v = 15 + y. Let w = v - 2. List the prime factors of w.
2, 3
Suppose q - 17 = 57. List the prime factors of q.
2, 37
List the prime factors of (-138)/36 - -4 - 203/(-6).
2, 17
Let b be (8 - 7) + 2*1. Suppose b*v = 91 + 20. List the prime factors of v.
37
Suppose k - 50 = -0. List the prime factors of k.
2, 5
Let v be (2 - 0)/(4 + -3). Suppose -v*n + 0*n = -50. Suppose -4*u + 7 = -n. List the prime factors of u.
2
Let s = -5 - -34. What are the prime factors of s?
29
What are the prime factors of 184/(-6)*(-3)/(-12)*-18?
2, 3, 23
Let i = 3 - 1. Let l(s) = -i + 5 - 1 + s. List the prime factors of l(8).
2, 5
Let s(d) = -d**2 + 8*d + 13. Let a be s(9). Let j = -2 + 6. Suppose -2*p - a*z + 0 = -36, 0 = z - j. List the prime factors of p.
2, 5
Let y(x) = x - 5. Let i be y(6). Let m = 0 + i. Suppose w = -5*h - m + 20, 3*w - 2*h - 6 = 0. List the prime factors of w.
2
Let p(g) = -g + 11. Let i be p(5). Let r = 16 - i. What are the prime factors of r?
2, 5
Let p be ((-3)/(-2))/((-12)/(-656)). Suppose -4*i - 3*b = -0*b - 164, -2*i = 3*b - p. List the prime factors of i.
41
Let d = -81 - -139. List the prime factors of d/5 + (-6)/(-15).
2, 3
Let q be 2 - -5 - (5 + -2). Suppose f + 2*r - 24 = 0, 0 = 3*f - q*r - 6 - 16. What are the prime factors of f?
2, 7
Let n(r) = 2*r**2 - 2*r - 2. Let u be n(2). Suppose -76 = -u*p + 90. Suppose 4*a + 7 - p = -2*q, 3*a - 3*q = 75. What are the prime factors of a?
3, 7
Suppose -6 = -6*z + 3*z. Suppose 5*a = z + 38. List the prime factors of a.
2
Let w = 6 - -17. List the prime factors of w.
23
Let j(d) be the first derivative of d**5/30 + d**3/6 + 2*d**2 + 1. Let u(k) be the second derivative of j(k). What are the prime factors of u(-2)?
3
Let n = -29 - -42. List the prime factors of n.
13
Let t(n) = n**3 + 3*n**2 + 2. Let f be t(-3). Let p be -2*(f - (1 + -1)). Let c(w) = -w**3 - 2*w**2 